- 45*q. Let y(t) = -t**3 + 2*t. Let x be y(2). Calculate m(x).
8
Suppose 2*g + 2 - 6 = 0. Let n(v) = -4*v**2 + 0*v**2 - v**2 + 6*v**2. What is n(g)?
4
Suppose -8*o = -4*o + 24. Let r be 1 - 2/(-4)*2. Let b(q) = q**r - 3 + 0*q - 2*q + 7*q. Determine b(o).
3
Let l(d) = -d**2 - 6*d - 8. Let a be (-4)/(-3) + (-32)/(-12). Suppose 3*m = a*u + 39, 2*u - 7*u = 3*m + 15. What is l(u)?
-8
Let k(g) be the second derivative of g**3/6 - 9*g**2/2 + 9*g. Suppose 60 = 5*j - 5*p, -3*j - 2*j + p + 40 = 0. Give k(j).
-2
Suppose -2*f + 24 = -3*r, 4*f + 10*r = 7*r + 12. Let k(x) be the third derivative of x**5/60 - x**4/4 + x**3/6 + x**2. Determine k(f).
1
Let l be 6/30 + 56/20. Let n(c) be the second derivative of 1/2*c**2 - 5/6*c**l - 9*c + 0 + 1/12*c**4. Give n(6).
7
Let b(z) = 5*z - 18. Let q = -2 + 11. Let j(v) = -2*v + 9. Let x(h) = q*j(h) + 4*b(h). Let i(c) = -c**2 - 4*c + 6. Let o be i(-6). Determine x(o).
-3
Let x(o) = -3*o - 3. Let r be (-160)/56 - (-1)/(-7). Calculate x(r).
6
Let w(l) = -l**3 - 5*l**2 - 3*l + 2. Let r be 4 + (2/(-1) - 4) + -2. Determine w(r).
-2
Suppose w = -183 + 177. Suppose 5*a = 4*a + 7. Let i(o) = a*o + 3*o**2 + 4*o**3 - 2 + 4*o**2 - 3*o**3. What is i(w)?
-8
Let t(p) = -14*p + 79. Let h be t(5). Let c(w) = -w**2 + 10*w. Calculate c(h).
9
Suppose 3*b = 7*b. Let q = -9 + 10. Let j be b*(q - (2 + -2)). Let m(c) = c**3 + c - 10. Determine m(j).
-10
Suppose -1047*m - 24 = -1043*m. Let n(c) be the third derivative of -c**4/24 - c**3 - 2*c**2. Determine n(m).
0
Let i(y) = 2*y**3 - 2*y**2 + 2*y + 2. Let g(h) = -h**3 + 4*h**2 - 7*h + 8. Let c be g(2). Determine i(c).
14
Suppose g - 2 - 1 = 0, 0 = -4*i - g - 29. Let l = i - -6. Let h(x) = -1. Let f(q) = -q - 4. Let a(m) = f(m) - 6*h(m). Determine a(l).
4
Let p(h) = -28*h + 3. Let o(g) = 33*g - 2. Let x(q) = -6*o(q) - 7*p(q). What is x(-7)?
5
Let g(n) = 114*n - 115*n + 33 - 39. Suppose 0 = -2*i + 3*i + 10. Let r be i/2*(-3 + 4). Calculate g(r).
-1
Let v(d) = d + 2. Let a(k) = -k - 2. Let r be (-4)/(-10) - 13/(-5). Let p(c) = r*a(c) + 4*v(c). Give p(-4).
-2
Let v(f) = -3*f**2 + f - 1. Let m be ((-12)/(-10))/(-2) - (-28)/(-20). Let d be m/(-6) + 2/3. Give v(d).
-3
Let q be (1 - 6/3) + 0. Let h(t) = -t. Let g(m) = 3*m - 4. Let x(s) = q*g(s) - 2*h(s). Give x(-6).
10
Let p be 84/9*6/7. Let b be (1 + -5 + 1)*-1. Let t(r) = p - 10 + 2*r + b + 3*r. Calculate t(-1).
-4
Let z(q) = -q**2 - 11*q - 7. Let t be z(-10). Let h(l) = l**2 - 7*l + 2. Let d be h(7). Let b(g) = -4*g + 5*g + 4 - g**d + 0*g. Calculate b(t).
-2
Let j(v) be the first derivative of -v**5/120 - 7*v**4/24 + 5*v**3/3 + 8. Let o(g) be the third derivative of j(g). What is o(-3)?
-4
Let h(k) = k**2 - k - 1. Suppose 42*v = 46*v + 12. Suppose -20 - 4 = 4*f. Let o = v - f. Calculate h(o).
5
Let h(g) = 2*g**2 - g - 1. Suppose -13*v = -4*v. Let n be -11 + 10 - v*1/(-2). What is h(n)?
2
Let w(f) be the third derivative of 3*f**4/8 + f**3/3 + 46*f**2 + f. Give w(-3).
-25
Let h = -1204 - -1207. Let f(x) = -x**2 - 4*x + 10. Calculate f(h).
-11
Let g(r) be the second derivative of r**4/24 - r**3/3 + 7*r**2 + 3*r. Let s(m) be the first derivative of g(m). Determine s(8).
6
Let h(p) = 0*p - p + 2*p + 0 + 3. Suppose -4 + 14 = 5*j. Suppose -m = -0 + 2, m = 2*w + j. Determine h(w).
1
Let c(v) be the first derivative of -v**4/4 - v**3 + v**2 - 4*v - 10. Let l be c(-4). Let t(d) = d**3 - 2*d**2 - 5*d - 1. Calculate t(l).
11
Let a(k) be the second derivative of -11*k**4/6 + k**3/3 - k**2 + 164*k. Calculate a(1).
-22
Let j(o) = -9*o**2 + 3*o + 10. Let h(d) = -46*d**2 + 16*d + 54. Let c(b) = -3*h(b) + 16*j(b). Determine c(-3).
-56
Let q(d) be the second derivative of d**5/20 - 5*d**4/6 + 3*d**3/2 - 2*d**2 + d. Let z be (-17 - ((-8 - -9) + -9))*-1. What is q(z)?
-4
Let x(s) be the second derivative of -s**4/12 - 7*s**3/3 - 6*s**2 - 6*s - 16. Determine x(-13).
1
Suppose 5*w = 8*w + 108. Let b be 3 + w/(2 + -6). Let v(a) = 27*a - 11*a + 1 - b*a - a. What is v(4)?
13
Let n(s) = s - 2. Let k be n(4). Let j be -3 - (2 + 16/(-2)). Let p(f) = f**2 + j - 16*f - 2 + 15*f. Calculate p(k).
3
Suppose 2*c = 2*d - 2, 4*c - 2*d + 7*d = -13. Let g(w) = 7*w**3 - w**2 + w. Let o(j) = j**3 + j**2. Let f(u) = c*o(u) - g(u). What is f(-1)?
9
Let z(a) = a**2 - 21*a + 17. Let q be z(23). Let u = q - 62. Let h(r) be the third derivative of r**4/24 - r**3/3 - 2*r**2. Calculate h(u).
-1
Suppose 6*k - 4*f + 2 = k, 2*k - 4*f = -8. Let l(x) = 4*x**2 + 2*x + 1. Calculate l(k).
21
Let n(c) = c**3 + 3*c - 3. Let m be n(2). Suppose 2*t = 3*j - 4, 3*j + 5*t + m = 43. Let w(r) = -3*r**2 + 14 + j*r**2 - 12. Calculate w(0).
2
Let o(i) = -i**2 - i + 1. Suppose 69 = 5*j - 131. Let b be ((-3)/(-4))/(10/j). Calculate o(b).
-11
Let s(a) be the first derivative of 5*a + 5/2*a**2 + 1/20*a**5 + 1/12*a**4 + 0*a**3 - 1. Let z(c) be the first derivative of s(c). Determine z(0).
5
Suppose -42*c - 19 - 191 = 0. Let z(n) = 2*n + 2. Calculate z(c).
-8
Let w(p) = p - 16. Let b = 1548 - 1538. What is w(b)?
-6
Let m(d) be the third derivative of 0*d - 7/6*d**3 + 0 + 1/60*d**5 - 1/8*d**4 - 28*d**2. Calculate m(5).
3
Let k(v) = -637*v - v**2 + 312*v + 8 + 317*v. Give k(-7).
15
Let o(z) = -3*z + 2. Let n(j) = 7*j - 14. Let f(h) = n(h) + 2*o(h). Calculate f(10).
0
Let c = 13 - 11. Suppose 3*x = -c*g + 12, -3*x = -4*g + 5 + 1. Suppose 4*q = y + 4, g*y - 4*y + 5 = 5*q. Let v(b) = -16*b**3 + b**2 + b - 1. Determine v(q).
-15
Let j(v) = -2. Let z(u) = -3*u + 31. Let s be z(10). Let x(r) = -2*r + 26. Let b(o) = s*x(o) + 10*j(o). Determine b(6).
-6
Let o(l) = l**3 - 9*l**2 - 10*l - 10. Let r be o(10). Let h(g) = -3*g + 2*g + 0*g - 5. Let m be h(r). Let a(z) = -z**2 + 6*z + 7. Determine a(m).
12
Let f(g) = -8*g + 5 - 2*g**3 - 4*g**2 + 1 + 3*g**3. Suppose 5*d = 4*d + 5. Give f(d).
-9
Let b(j) = 19 - 14 + 3*j**2 - 5. Calculate b(-1).
3
Let h(g) be the second derivative of -4*g**3/3 - g**2/2 - 11*g - 2. Let r be (-2)/(1/(-1) + 3). Calculate h(r).
7
Let a = -3 + 0. Let d(x) = x**3 + 3*x**2 + 3*x - 1. Let i(r) = -r**3 - 3*r**2 - 3*r + 2. Let k(s) = -3*d(s) - 2*i(s). Calculate k(a).
8
Let c(f) = 3*f**2 + 6 + 12 + 12*f - 10*f - 20. Calculate c(-2).
6
Let c(j) = 2*j - 2. Let u be c(-8). Let t = 20 + u. Let o(h) = -h + 3*h - 5*h**t + 3 + h**3 - 4 + 6. Give o(4).
-3
Let z be -1*(-2 + 1) - -2. Let j be 2/4 - 3*6/36. Let c(s) = 0 + s - 3*s**2 + 5 + s**3 - 2 + j. What is c(z)?
6
Let f(p) be the first derivative of -p**4/4 + 13*p**3/3 + p**2/2 - 2*p - 227. Calculate f(13).
11
Suppose 0 = 3*b - 8*b - 2*u + 12, 0 = -2*b + 4*u. Let o = 8 - 5. Let i(g) = -2 + 5*g**2 + o - 6*g**2. Calculate i(b).
-3
Let x(j) = 5*j - 19 + 3*j - 4*j + 3*j - 6*j. What is x(27)?
8
Let g(w) be the third derivative of -8*w**2 - 1/24*w**4 + 13/6*w**3 + 0 + 0*w. Let x be g(7). Let d(s) = s + 1. Give d(x).
7
Let p(n) = 4*n**2 + 4*n + 11. Let i = 14 - 16. Let k(j) = j**2 + j + 3. Let f(u) = i*p(u) + 9*k(u). Let y be (-2)/(-8) + 1/(-4). Determine f(y).
5
Let p be 52/(-12) - (-4)/(-6). Suppose n + 16 = -5*b, b - 5 = -3*n + 3. Let m(r) = -5*r + n*r**2 + 1 - 2 - 5*r**2 + 2. Give m(p).
1
Let y(g) be the first derivative of -g**3/3 + 2*g**2 + 2*g - 2071. Suppose 0*h - 12 = -2*h. Give y(h).
-10
Let k be (0 - -34)/(4/2) - 3. Let f(i) = 55*i - 19*i + 4 - 23*i - k*i. Calculate f(4).
0
Let k(p) = p**2 - 8*p + 7. Suppose 14*h = 7*h + 56. Determine k(h).
7
Let g(s) be the second derivative of -s**3/3 + 7*s**2/2 - 135*s. Determine g(8).
-9
Let w be (-6 - -7)*(2 - 0). Suppose -5 = -j + w*y + y, -5*j - y = -25. Suppose 5*a + b = -28, 3*a + j = -a + 5*b. Let c(s) = -s**2 - 7*s - 7. What is c(a)?
3
Let y(c) = -2*c - 3. Let s be 49/14*6/7. Suppose 2*b = 2*t, 3*t = -s*b - t - 21. Give y(b).
3
Suppose 0 = -m - m - 14. Let f(i) = -i**2 - 8*i - 7. Let x be f(m). Let y(w) be the first derivative of w**3/3 + w - 33. What is y(x)?
1
Let a = -44 + 38. Let u(m) = -m**3 - 6*m**2 - 3*m - 5. Determine u(a).
13
Let c(j) be the second derivative of j**5/20 - j**4/12 + j**3/6 + 9*j**2/2 + 3*j - 1. Determine c(0).
9
Let x(k) = -k**2 + 3*k - 5. Let o be x(5). Let j(l) = -l**3 - 14*l**2 + 18*l - 12. Give j(o).
-57
Let k(m) = 3 + 2*m - m - 4*m + 2*m. Let v(p) = -p**2 - 10*p + 8. Let n be v(-11). Determine k(n).
6
Let n(c) be the first derivative of 9/2*c**2 - 8*c + 8 - 2/3*c**3. What is n(6)?
-26
Let a